1 - (6 + -243)?
5, 47
Suppose c - 2*c + 3 = 0. Suppose -c*t = -156 + 21. Suppose -3*y + t = 6. What are the prime factors of y?
13
What are the prime factors of ((-4)/1)/(2/(-9))?
2, 3
Let z be (-2)/2*8/4. Let v(m) be the first derivative of -2*m**2 + m + 1. List the prime factors of v(z).
3
Let t(s) = s**3 - 8*s**2 - 5*s - 2. Suppose 0 = -c - 0*c + 9. What are the prime factors of t(c)?
2, 17
Let t be (-21)/(-9) - 2/6. Suppose 3*l - 6 = l. Suppose -5*x - t*w + 56 = 0, -l*w = -3*x + x + 11. List the prime factors of x.
2, 5
Let f = -20 + 38. List the prime factors of f.
2, 3
Let x(h) = 137*h**3 + 2*h**2 - 2. What are the prime factors of x(1)?
137
Let l be (-1 - -3)*1 - 0. Suppose -4 = -l*o + f - 5*f, 5*o = 3*f + 75. What are the prime factors of o?
2, 3
Let y = -29 - -52. List the prime factors of y.
23
Suppose -2*x - 2*z + 8 = 0, -4*x + 2*z + 4 = -0. Let k = 0 + x. Suppose q - 3*l + 0*l = -k, 0 = q - 2*l - 2. List the prime factors of q.
2, 5
Suppose 2*u + 4*h = 68, -12 + 0 = -4*h. List the prime factors of u.
2, 7
Let l(c) = 4*c - 6. Let m(v) = 2*v - 3. Let b(o) = -6*l(o) + 11*m(o). Let i = 4 + -7. List the prime factors of b(i).
3
Let o be (0 + -12)/(-9 + 8). What are the prime factors of (4/o)/((-2)/(-48))?
2
Let n = 16 - 23. Suppose m - 9 = 5. Let c = m + n. List the prime factors of c.
7
Let k = 104 + -1. List the prime factors of k.
103
Suppose 5*l - 48 = 3*q, -6*l + l + 5*q + 50 = 0. What are the prime factors of l?
3
What are the prime factors of (-88)/(-8) + 2 + -2?
11
Let y(l) = l**2 + 11*l + 4. Let k be y(-11). Suppose -q - 75 = -k*q + 3*v, q - 4*v - 16 = 0. What are the prime factors of q?
2, 7
Let a = 0 + 1. Let x(l) be the second derivative of 2*l**5/5 - l**4/6 + l**3/6 + l. List the prime factors of x(a).
7
Let f(a) = -a + 9. Let y be f(6). Suppose 0 = -3*g - y*c + 63, -19 = 4*g + 5*c - 100. What are the prime factors of g?
2, 3
Suppose -r + 0*r = 0. Suppose 2*i + 3*i = r. Suppose 2*o - 1 - 15 = i. What are the prime factors of o?
2
Let b = 30 - 18. What are the prime factors of b?
2, 3
Suppose -19 = -2*r + 71. List the prime factors of r.
3, 5
Suppose 82 = 3*z + 10. Suppose 0 = -2*y + 4*y + z. Let x = y - -18. List the prime factors of x.
2, 3
What are the prime factors of 63 + 3 + 0 - -5?
71
Let n = 117 + -75. List the prime factors of n.
2, 3, 7
Let n = -100 + 169. Suppose -5*t + 51 = -n. List the prime factors of t.
2, 3
Let l(h) = -5*h**3 + 2*h**2 + h. What are the prime factors of l(-1)?
2, 3
Suppose -15 + 39 = 3*p. Let z(i) = i**3 - 9*i**2 + 8*i + 4. What are the prime factors of z(p)?
2
Let i(y) = -y + 83. Let p be i(0). Suppose -5*k + p = -82. What are the prime factors of k?
3, 11
Let j = 45 + -26. List the prime factors of j.
19
Suppose -v + 432 = 2*z + 64, 5*v - 4*z = 1854. What are the prime factors of v?
2, 5, 37
Let v be -2 - 3*(-4)/6. Suppose v = -5*u + 65 + 35. Suppose -5*g = u, 2*g + 24 = 2*n - 2. List the prime factors of n.
3
Suppose -3*k + 39 = -123. What are the prime factors of k?
2, 3
Let x be 4/(-10) + 82/5. Let g = -7 + x. List the prime factors of (-3)/g - 38/(-6).
2, 3
Let j = 422 + -281. What are the prime factors of j?
3, 47
Suppose 0 = k - 2*h - 10, 0 = -0*k - 2*k + h + 11. What are the prime factors of k/(-6) - 106/(-6)?
17
Let b = 13 - 4. Let t(c) = c**3 - 8*c**2 - 5*c + 2. List the prime factors of t(b).
2, 19
Let r be 2/14 + (-414)/(-42). Let j = r - 3. List the prime factors of j.
7
Let p = 132 - 89. Suppose 52 + p = 5*z. List the prime factors of z.
19
Let w(d) = d + 12. Let q be w(-9). Suppose 0 = p - 5*p - 4, 2*b = -q*p + 9. Let g(x) = 2*x - 5. List the prime factors of g(b).
7
Let f(j) = 19*j - 12. What are the prime factors of f(7)?
11
Let l be 3 - (-2 + 2 - 1). Let z be (-26)/7 - l/14. Let m(x) = -4*x - 5. What are the prime factors of m(z)?
11
List the prime factors of (-1)/(-2) + -1 + (-15)/(-2).
7
List the prime factors of (-1606)/(-33)*3/2.
73
Let c(g) be the first derivative of g**4/4 + 4*g**3/3 - g**2 - 2*g + 1. List the prime factors of c(-3).
13
Let r(a) = 2*a**2 + 4*a + 1. Let k be (-120)/18 + 2/(-6). Let g = k + 4. List the prime factors of r(g).
7
Suppose -5*n + 7*n = 0. Let a = 11 - n. List the prime factors of a.
11
Let f be (-14)/(1 + -2 - -2). What are the prime factors of (8/f)/(10/(-35))?
2
Let k = -3 + 1. Let o(n) = -8*n**3 - 2*n**2 - 2. Let m be o(k). Let s = m + -37. What are the prime factors of s?
17
List the prime factors of (-4)/6 - 10940/(-30).
2, 7, 13
Let p(h) = -h**3 + 11*h**2 + 2*h - 11. Suppose 0 = -7*l + 9*l - 22. List the prime factors of p(l).
11
Suppose -6*w + 2*w + 12 = 0. Suppose -w*u + 2*r + r + 24 = 0, 5*u - 13 = -4*r. Let o(q) = q**2 - 5*q + 6. What are the prime factors of o(u)?
2, 3
Let p(z) = z**2 + z - 5. Let b be p(0). List the prime factors of (11/(-4))/(b/20).
11
Let g = 3 - 3. Let k(w) = w**2 + 6. List the prime factors of k(g).
2, 3
Let h(i) = i**3 - 4*i**2 + 2. Let l be h(2). Let z be 27/l + 3/(-6). What are the prime factors of (1 - 0)/(z/(-45))?
3
Let p = 147 - -66. List the prime factors of p.
3, 71
Let g = 1 - -13. What are the prime factors of g?
2, 7
Let u = -20 - -72. Suppose -3*d - z + 9 = -d, 5*d - 22 = -3*z. Suppose -u = c - d*c. List the prime factors of c.
13
Let o be (-6)/(-10) - (-423)/(-5). Let m be (0 + 1)*(6 - 2). What are the prime factors of (m/(-6))/(8/o)?
7
Suppose 2*d = 4, -6*v + 3*d + 229 = -v. What are the prime factors of v?
47
Let w be ((-6)/(-18))/((-1)/(-6)). Suppose -4*v = 5*z - 12, w*z - 2*v = 2*v + 16. List the prime factors of z.
2
Suppose 0 = -4*u + 5*u. Suppose -2*q = -2*x - 0*x + 50, u = 2*x + 5*q - 22. What are the prime factors of x?
3, 7
Let x(k) = k - 2. Suppose -5*u - 47 + 122 = 0. Let r be (u/3)/(1 + 0). List the prime factors of x(r).
3
List the prime factors of 33/1 + (-5 - -7).
5, 7
Let k(u) = -u + 1. Let w(h) = 7*h - 1. Let x(o) = 6*k(o) + w(o). Let b = 12 + -6. List the prime factors of x(b).
11
Let y be 2 - 2 - (-6 - -1). Suppose 4*a - 6*a + 14 = 5*q, -y*a - 5*q = -20. What are the prime factors of 140/12 + a/6?
2, 3
Suppose -3*h - 33 = -0*h. Let k = 0 - h. List the prime factors of k.
11
Let h(z) = -z - 6. Let r be h(-8). Suppose -r*f + 3 = 1. Suppose d = 9 - f. List the prime factors of d.
2
Let o be (-3)/(4 + (-36)/8). Let u(t) = t**2 - 7*t + 10. What are the prime factors of u(o)?
2
Let z(s) = 2*s**2 + 8*s - 1. Let i(b) = 3*b**2 + 16*b - 1. Let t(x) = -3*i(x) + 5*z(x). Let w be t(10). Let v = -8 + w. List the prime factors of v.
2, 5
Let y(a) = -141*a - 9 + 277*a - 149*a - 3*a**2 + 2*a**2. Let q be 4/14 - 158/14. What are the prime factors of y(q)?
13
Suppose 4 + 800 = 2*g. List the prime factors of g.
2, 3, 67
Let u(b) = -b**3 + 7*b**2 - 7*b + 11. List the prime factors of u(6).
5
Suppose -2*c = -4*c + 10. Suppose c*q + 13 = 2*u - 3*u, 2*u = 2*q + 10. Suppose 2*a = -u*f + 6, 0 = -4*f + 3*a - a + 36. What are the prime factors of f?
7
Let s be 9/36 + 222/8. Let r = s - 13. List the prime factors of r.
3, 5
Suppose -4*t + 15 = -k - 8, -2*k - 28 = -5*t. Let r be 1/4*-2*-2. List the prime factors of (r + 5)/(t/8).
2
Let k(f) = f**2 + 7*f + 1. Let d be k(-8). Let h = -7 + d. What are the prime factors of h?
2
Suppose 2*n + 1 + 15 = 0. Let v = -4 - n. Suppose -2*a - v*h - 4 + 6 = 0, -5*h - 25 = 0. List the prime factors of a.
11
Suppose -3*u + 5 = -1, 0 = j + 3*u - 24. What are the prime factors of 3/(-3) + j + 0?
17
What are the prime factors of 3/(9/(-21))*-8?
2, 7
Let p(i) = -2*i**3 - 2*i**2 + 3*i + 2. Let g be p(-2). Let o = 3 - g. What are the prime factors of 9 - (-3 + (1 - o))?
2, 5
Let i(n) = n**2 + 9*n + 3. Let s be i(-8). Let q = 15 + s. What are the prime factors of (-4)/(-3)*(q - 1)?
2, 3
List the prime factors of 3/(-6)*130/(-5).
13
Suppose -4*r + 124 + 4 = 0. List the prime factors of r.
2
Suppose l - 84 = 5*l. Suppose -v = v - 2, -5*v - 30 = -5*o. List the prime factors of o*(24/l - -2).
2, 3
Let l = 11 - 7. Suppose -10 = -3*x + 2*c + 2, l*x + c = 16. Suppose 15 = -j + x*j. List the prime factors of j.
5
Suppose 3*p = r - 2 + 10, 41 = 3*r + 4*p. Let f = r + -5. Suppose f*z + 5 = 17. What are the prime factors of z?
2, 3
Let q = 11 - 7. Suppose -s - q*s = -80. Suppose -3*u + 17 = -s. List the prime factors of u.
11
Let y be -6 + (1 - 3 - -6). What are the prime factors of -